{"id":335,"date":"2026-01-14T10:20:49","date_gmt":"2026-01-14T10:20:49","guid":{"rendered":"https:\/\/www.opera-racing.pl\/?page_id=335"},"modified":"2026-01-14T10:26:19","modified_gmt":"2026-01-14T10:26:19","slug":"sklep-z-gadzetami","status":"publish","type":"page","link":"https:\/\/www.opera-racing.pl\/index.php\/sklep-z-gadzetami\/","title":{"rendered":"Sklep"},"content":{"rendered":"\n<hr class=\"wp-block-separator has-text-color has-theme-palette-1-color has-alpha-channel-opacity has-theme-palette-1-background-color has-background is-style-wide\"\/>\n\n\n\n<p><\/p>\n\n\n\n<form name=\"p24\" action=\"https:\/\/cart.przelewy24.pl\/index\/add\" method=\"post\" accept-charset=\"utf-8\">\n  <img decoding=\"async\" src=\"https:\/\/secure.przelewy24.pl\/files\/basket\/img\/products\/b052cb32-fe3a-4aa1-9a2d-c140d3844459\" alt=\"\" \/>\n   <div>Statuetka teamu Polish Eagles Hunters -fajny gad\u017cet na biurko. Pami\u0119taj kupuj\u0105c tutaj wspierasz nasz\u0105 spo\u0142eczno\u015b\u0107<\/div>  <input type=\"hidden\" name=\"p24_crc\" value=\"ff45d4b550cefa5080a312e5d727f79aff781ead\" \/>\n  <input type=\"hidden\" name=\"p24_id_salesman\" value=\"75436\" \/>\n  <input type=\"hidden\" name=\"p24_salesman_key\" value=\"d8e85abc\" \/>\n  <input type=\"hidden\" name=\"p24_currency\" value=\"pln\">\n  <input type=\"hidden\" name=\"p24_name\" value=\"Statuetka PEH\" \/>\n  <input type=\"hidden\" name=\"p24_amount\" value=\"3500\" \/>\nIlo\u015b\u0107:\n  <input type=\"text\" name=\"p24_number\" value=\"1\" maxlength=\"4\" \/>\n  <input type=\"submit\" name=\"\" value=\"Dodaj do koszyka\" \/>\n  <input type=\"hidden\" name=\"p24_add\" value=\"1\" \/>\n<\/form>\n","protected":false},"excerpt":{"rendered":"<p>Statuetka teamu Polish Eagles Hunters -fajny gad\u017cet na biurko. Pami\u0119taj kupuj\u0105c tutaj wspierasz nasz\u0105 spo\u0142eczno\u015b\u0107 Ilo\u015b\u0107:<\/p>\n","protected":false},"author":1,"featured_media":0,"parent":0,"menu_order":0,"comment_status":"closed","ping_status":"closed","template":"","meta":{"_kadence_starter_templates_imported_post":false,"_kad_post_transparent":"","_kad_post_title":"","_kad_post_layout":"","_kad_post_sidebar_id":"","_kad_post_content_style":"","_kad_post_vertical_padding":"","_kad_post_feature":"","_kad_post_feature_position":"","_kad_post_header":false,"_kad_post_footer":false,"_kad_post_classname":"","footnotes":""},"class_list":["post-335","page","type-page","status-publish","hentry"],"_links":{"self":[{"href":"https:\/\/www.opera-racing.pl\/index.php\/wp-json\/wp\/v2\/pages\/335","targetHints":{"allow":["GET"]}}],"collection":[{"href":"https:\/\/www.opera-racing.pl\/index.php\/wp-json\/wp\/v2\/pages"}],"about":[{"href":"https:\/\/www.opera-racing.pl\/index.php\/wp-json\/wp\/v2\/types\/page"}],"author":[{"embeddable":true,"href":"https:\/\/www.opera-racing.pl\/index.php\/wp-json\/wp\/v2\/users\/1"}],"replies":[{"embeddable":true,"href":"https:\/\/www.opera-racing.pl\/index.php\/wp-json\/wp\/v2\/comments?post=335"}],"version-history":[{"count":3,"href":"https:\/\/www.opera-racing.pl\/index.php\/wp-json\/wp\/v2\/pages\/335\/revisions"}],"predecessor-version":[{"id":344,"href":"https:\/\/www.opera-racing.pl\/index.php\/wp-json\/wp\/v2\/pages\/335\/revisions\/344"}],"wp:attachment":[{"href":"https:\/\/www.opera-racing.pl\/index.php\/wp-json\/wp\/v2\/media?parent=335"}],"curies":[{"name":"wp","href":"https:\/\/api.w.org\/{rel}","templated":true}]}}