{"id":157,"date":"2025-05-28T09:10:42","date_gmt":"2025-05-28T09:10:42","guid":{"rendered":"http:\/\/www.opera-racing.pl\/?page_id=157"},"modified":"2025-05-29T05:51:41","modified_gmt":"2025-05-29T05:51:41","slug":"team-2","status":"publish","type":"page","link":"https:\/\/www.opera-racing.pl\/index.php\/team-2\/","title":{"rendered":"Team PEH"},"content":{"rendered":"\n<div class=\"wp-block-media-text is-stacked-on-mobile is-vertically-aligned-top has-small-font-size\" style=\"padding-top:0;padding-right:0;padding-bottom:0;padding-left:0;grid-template-columns:30% auto\"><figure class=\"wp-block-media-text__media\"><img loading=\"lazy\" decoding=\"async\" width=\"1024\" height=\"1024\" src=\"https:\/\/www.opera-racing.pl\/wp-content\/uploads\/2025\/05\/logo_to1-1024x1024.png\" alt=\"\" class=\"wp-image-49 size-full\" srcset=\"https:\/\/www.opera-racing.pl\/wp-content\/uploads\/2025\/05\/logo_to1-1024x1024.png 1024w, https:\/\/www.opera-racing.pl\/wp-content\/uploads\/2025\/05\/logo_to1-300x300.png 300w, https:\/\/www.opera-racing.pl\/wp-content\/uploads\/2025\/05\/logo_to1-150x150.png 150w, https:\/\/www.opera-racing.pl\/wp-content\/uploads\/2025\/05\/logo_to1-768x768.png 768w, https:\/\/www.opera-racing.pl\/wp-content\/uploads\/2025\/05\/logo_to1-1536x1536.png 1536w, https:\/\/www.opera-racing.pl\/wp-content\/uploads\/2025\/05\/logo_to1-2048x2048.png 2048w\" sizes=\"auto, (max-width: 1024px) 100vw, 1024px\" \/><\/figure><div class=\"wp-block-media-text__content\">\n<p><\/p>\n\n\n\n<section id=\"historia-peh\">\n  <h2>Historia Polish Eagles-Hunters (PEH)<\/h2>\n  <article>\n    <p><strong>Polish Eagles-Hunters (PEH)<\/strong> to grupa pasjonat\u00f3w, kt\u00f3rej pocz\u0105tki si\u0119gaj\u0105 13 sierpnia 2015 roku. Tego dnia kilku m\u0142odych, ambitnych ch\u0142opak\u00f3w postanowi\u0142o za\u0142o\u017cy\u0107 klan w grze <em>World of Tanks<\/em>. To w\u0142a\u015bnie od tej gry wszystko si\u0119 zacz\u0119\u0142o.<\/p>\n<\/div><\/div>\n\n\n\n<p>Z czasem klan r\u00f3s\u0142 w si\u0142\u0119 \u2013 do\u0142\u0105cza\u0142o coraz wi\u0119cej graczy, odnoszono drobne sukcesy i pojawiono si\u0119 na mapie globalnej. Cho\u0107 nie byli w czo\u0142\u00f3wce pod wzgl\u0119dem umiej\u0119tno\u015bci indywidualnych, wyr\u00f3\u017cniali si\u0119 taktycznym podej\u015bciem i zgran\u0105 ekip\u0105. Niestety, z biegiem lat aktywno\u015b\u0107 cz\u0142onk\u00f3w zacz\u0119\u0142a s\u0142abn\u0105\u0107. Coraz wi\u0119cej graczy przestawa\u0142o si\u0119 pojawia\u0107, a potyczki twierdz odbywa\u0142y si\u0119 jedynie sporadycznie. Dzi\u015b klan \u015bwieci pustkami, a jego najwi\u0119ksze sukcesy s\u0105 ju\u017c wspomnieniem.<\/p>\n\n    <p>Jeszcze w 2015 roku narodzi\u0142a si\u0119 kolejna ga\u0142\u0105\u017a naszej dzia\u0142alno\u015bci \u2013 <strong>PEH-Trans<\/strong>, dedykowana grom firmy <em>SCS Software<\/em>. Dzi\u0119ki platformie TrucksBook za\u0142o\u017cyli\u015bmy w\u0142asn\u0105 wirtualn\u0105 firm\u0119 transportow\u0105. Cho\u0107 obecnie nie korzystamy ju\u017c z zewn\u0119trznych narz\u0119dzi do prowadzenia spedycji, nadal z przyjemno\u015bci\u0105 je\u017adzimy wsp\u00f3lnie w <em>Euro Truck Simulator 2<\/em> i <em>American Truck Simulator<\/em>.<\/p>\n\n    <p>W 2017 roku rozpocz\u0105\u0142 si\u0119 zupe\u0142nie nowy rozdzia\u0142 w historii PEH. Dw\u00f3ch za\u0142o\u017cycieli \u2013 <strong>Wiktor B\u0105czyk<\/strong> oraz <strong>Jaros\u0142aw D\u0105browski<\/strong> \u2013 zacz\u0119\u0142o coraz bardziej interesowa\u0107 si\u0119 \u015bwiatem <strong>simracingu<\/strong>. Brali udzia\u0142 w licznych wy\u015bcigach, trenowali, szukali wiedzy online, rozwijali si\u0119. W tym czasie Wiktor rozpocz\u0105\u0142 r\u00f3wnie\u017c udzia\u0142 w wirtualnych zawodach driftu. W\u0142a\u015bnie wtedy narodzi\u0142a si\u0119 sekcja <strong>PEH-Racing<\/strong>.<\/p>\n\n    <p>Z biegiem czasu obaj za\u0142o\u017cyciele stali si\u0119 coraz lepsi. Startowali m.in. w <em>Drift Corner Grand Prix<\/em> i wy\u015bcigach organizowanych przez <em>Republic of Simracers<\/em>. Cho\u0107 przez d\u0142ugi czas dzia\u0142ali tylko we dw\u00f3ch, ich determinacja nie s\u0142ab\u0142a. Gdy era symulatora <em>Assetto Corsa<\/em> powoli dobiega\u0142a ko\u0144ca, PEH-Racing naturalnie przenios\u0142o swoj\u0105 aktywno\u015b\u0107 na platform\u0119 <em>Assetto Corsa Competizione<\/em> (ACC), kt\u00f3ra do dzi\u015b pozostaje ich g\u0142\u00f3wnym \u015brodowiskiem.<\/p>\n\n    <p>Regularne treningi i udzia\u0142 w zawodach \u2013 jak cho\u0107by <em>Kroks F1 League<\/em> \u2013 jeszcze bardziej nap\u0119dza\u0142y rozw\u00f3j zespo\u0142u. Prze\u0142omowym momentem by\u0142o do\u0142\u0105czenie do ligi <strong>Pro League Racing (PLR)<\/strong>, w kt\u00f3rej rywalizuj\u0105 do dzi\u015b. Z ka\u017cdym sezonem rozwijali swoje umiej\u0119tno\u015bci, a do zespo\u0142u zacz\u0119li do\u0142\u0105cza\u0107 nowi kierowcy. Od 2022 roku PEH-Racing bierze udzia\u0142 w pierwszych <strong>wy\u015bcigach d\u0142ugodystansowych<\/strong>, stale si\u0119 rozwijaj\u0105c i buduj\u0105c coraz silniejszy sk\u0142ad.<\/p>\n\n    <p>Dzi\u015b <strong>Polish Eagles-Hunters<\/strong> to przede wszystkim grupa przyjaci\u00f3\u0142. Niewa\u017cny jest wiek, miejsce zamieszkania czy do\u015bwiadczenie \u2013 wa\u017cna jest pasja. Po do\u0142\u0105czeniu grupy <strong>Opera Racing<\/strong> do zespo\u0142u, PEH rozszerzy\u0142o swoj\u0105 dzia\u0142alno\u015b\u0107. Obecnie organizowane s\u0105 regularne wy\u015bcigi w <em>AC<\/em>, <em>ACC<\/em>, <em>Le Mans Ultimate<\/em>, a tak\u017ce wsp\u00f3lne konwoje w <em>ETS2<\/em> i <em>ATS<\/em>, koordynowane przez <strong>Tomasza Urbaniaka<\/strong>.<\/p>\n\n    <p><strong>PEH-Racing<\/strong> aktywnie wspiera mniej do\u015bwiadczonych kierowc\u00f3w \u2013 oferuje im treningi, dzieli si\u0119 wiedz\u0105 i pomaga w rozwoju, by mogli startowa\u0107 w coraz lepszych ligach. Stawiamy na dobr\u0105 atmosfer\u0119, wsp\u00f3lne treningi i przyjazne relacje na wirtualnym torze.<\/p>\n\n    <p><strong>Polish Eagles-Hunters<\/strong> to wi\u0119cej ni\u017c zesp\u00f3\u0142 \u2013 to spo\u0142eczno\u015b\u0107 zbudowana na pasji, przyja\u017ani i wsp\u00f3lnych celach.<\/p>\n  <\/article>\n<\/section>\n","protected":false},"excerpt":{"rendered":"<p>Historia Polish Eagles-Hunters (PEH) Polish Eagles-Hunters (PEH) to grupa pasjonat\u00f3w, kt\u00f3rej pocz\u0105tki si\u0119gaj\u0105 13 sierpnia 2015 roku. Tego dnia kilku m\u0142odych, ambitnych ch\u0142opak\u00f3w postanowi\u0142o za\u0142o\u017cy\u0107 klan w grze World of Tanks. To w\u0142a\u015bnie od tej gry wszystko si\u0119 zacz\u0119\u0142o. Z czasem klan r\u00f3s\u0142 w si\u0142\u0119 \u2013 do\u0142\u0105cza\u0142o coraz wi\u0119cej graczy, odnoszono drobne sukcesy i pojawiono&#8230;<\/p>\n","protected":false},"author":1,"featured_media":49,"parent":0,"menu_order":0,"comment_status":"closed","ping_status":"closed","template":"","meta":{"_kadence_starter_templates_imported_post":false,"_kad_post_transparent":"","_kad_post_title":"","_kad_post_layout":"","_kad_post_sidebar_id":"","_kad_post_content_style":"","_kad_post_vertical_padding":"","_kad_post_feature":"","_kad_post_feature_position":"","_kad_post_header":false,"_kad_post_footer":false,"_kad_post_classname":"","footnotes":""},"class_list":["post-157","page","type-page","status-publish","has-post-thumbnail","hentry"],"_links":{"self":[{"href":"https:\/\/www.opera-racing.pl\/index.php\/wp-json\/wp\/v2\/pages\/157","targetHints":{"allow":["GET"]}}],"collection":[{"href":"https:\/\/www.opera-racing.pl\/index.php\/wp-json\/wp\/v2\/pages"}],"about":[{"href":"https:\/\/www.opera-racing.pl\/index.php\/wp-json\/wp\/v2\/types\/page"}],"author":[{"embeddable":true,"href":"https:\/\/www.opera-racing.pl\/index.php\/wp-json\/wp\/v2\/users\/1"}],"replies":[{"embeddable":true,"href":"https:\/\/www.opera-racing.pl\/index.php\/wp-json\/wp\/v2\/comments?post=157"}],"version-history":[{"count":5,"href":"https:\/\/www.opera-racing.pl\/index.php\/wp-json\/wp\/v2\/pages\/157\/revisions"}],"predecessor-version":[{"id":252,"href":"https:\/\/www.opera-racing.pl\/index.php\/wp-json\/wp\/v2\/pages\/157\/revisions\/252"}],"wp:featuredmedia":[{"embeddable":true,"href":"https:\/\/www.opera-racing.pl\/index.php\/wp-json\/wp\/v2\/media\/49"}],"wp:attachment":[{"href":"https:\/\/www.opera-racing.pl\/index.php\/wp-json\/wp\/v2\/media?parent=157"}],"curies":[{"name":"wp","href":"https:\/\/api.w.org\/{rel}","templated":true}]}}